 of 746712593?
11, 31, 449, 4877
What are the prime factors of 1399727013?
3, 43, 10850597
List the prime factors of 164951594.
2, 29, 2843993
What are the prime factors of 4453334803?
4453334803
What are the prime factors of 220576113?
3, 107, 113, 2027
What are the prime factors of 1063931408?
2, 31, 2145023
List the prime factors of 28047947.
331, 84737
What are the prime factors of 323718616?
2, 13, 31, 41, 79
What are the prime factors of 30774036?
2, 3, 137, 18719
List the prime factors of 172532114.
2, 3761, 22937
List the prime factors of 1699710384.
2, 3, 35410633
What are the prime factors of 57474012?
2, 3, 19, 252079
What are the prime factors of 136836232?
2, 13, 31, 42443
List the prime factors of 198248050.
2, 5, 7, 11, 13, 17, 233
What are the prime factors of 7592419?
19, 399601
What are the prime factors of 37681563?
3, 12560521
List the prime factors of 3658865294.
2, 7, 59, 71, 89, 701
List the prime factors of 32681556.
2, 3, 33623
What are the prime factors of 372767017?
7, 53252431
List the prime factors of 43449115.
5, 8689823
List the prime factors of 669191293.
2713, 246661
List the prime factors of 985808158.
2, 113, 4361983
What are the prime factors of 234165479?
211, 1109789
List the prime factors of 316670859.
3, 31, 1135021
What are the prime factors of 253435783?
253435783
What are the prime factors of 39055622?
2, 167, 116933
List the prime factors of 3293017365.
3, 5, 11, 19957681
What are the prime factors of 1929202720?
2, 5, 233, 51749
What are the prime factors of 22628174?
2, 11314087
List the prime factors of 2114740188.
2, 3, 11, 5340253
List the prime factors of 1024199016.
2, 3, 23, 80671
List the prime factors of 61502704.
2, 3843919
What are the prime factors of 45980763?
3, 61, 251261
What are the prime factors of 146817856?
2, 421, 5449
List the prime factors of 353173919.
7, 19, 29, 103, 127
What are the prime factors of 1403762612?
2, 7, 50134379
List the prime factors of 1620916021.
3463, 468067
What are the prime factors of 191386165?
5, 5237, 7309
List the prime factors of 183116979.
3, 17, 1196843
List the prime factors of 31437103.
31437103
What are the prime factors of 1874290982?
2, 3607, 259813
List the prime factors of 344320791.
3, 8011, 14327
What are the prime factors of 79195599?
3, 7, 1257073
What are the prime factors of 4742995644?
2, 3, 131749879
List the prime factors of 1519978130.
2, 5, 11, 37, 373459
What are the prime factors of 106378511?
19, 823, 6803
List the prime factors of 388543670.
2, 5, 17, 2285551
What are the prime factors of 206398228?
2, 23, 571, 3929
What are the prime factors of 353488618?
2, 7, 25249187
List the prime factors of 29558162.
2, 1663, 8887
What are the prime factors of 649183977?
3, 13, 68501
What are the prime factors of 174066872?
2, 7, 3108337
What are the prime factors of 916147431?
3, 23, 4425833
List the prime factors of 1333882770.
2, 3, 5, 11, 4042069
What are the prime factors of 516393388?
2, 7, 67, 275263
What are the prime factors of 28988001?
3, 7, 460127
What are the prime factors of 261737217?
3, 7, 19, 23, 3169
List the prime factors of 35258177.
1801, 19577
List the prime factors of 233773444.
2, 58443361
List the prime factors of 432090932.
2, 7, 13, 19, 62477
List the prime factors of 15982689.
3, 191, 27893
List the prime factors of 1444716182.
2, 7, 13, 587, 13523
List the prime factors of 187153911.
3, 7, 1217, 2441
List the prime factors of 5677401.
3, 1087, 1741
What are the prime factors of 5961235214?
2, 11, 270965237
What are the prime factors of 768640765?
5, 153728153
What are the prime factors of 73481463?
3, 11, 17, 43661
List the prime factors of 60043812.
2, 3, 137, 36523
List the prime factors of 1777571505.
3, 5, 19, 53, 39227
What are the prime factors of 1521598821?
3, 17, 47, 634793
What are the prime factors of 45857970?
2, 3, 5, 61, 8353
List the prime factors of 900739032.
2, 3, 173, 401, 541
What are the prime factors of 42633086?
2, 71, 300233
List the prime factors of 2465646880.
2, 5, 79, 97, 2011
What are the prime factors of 2616756246?
2, 3, 13, 17, 29, 7561
What are the prime factors of 476174604?
2, 3, 43, 59, 15641
What are the prime factors of 4437901783?
7, 633985969
List the prime factors of 944796029.
17, 55576237
What are the prime factors of 84774281?
107, 792283
List the prime factors of 2718188633.
17, 9405497
What are the prime factors of 478516191?
3, 1783, 89459
List the prime factors of 73769142.
2, 3, 23, 71, 7529
List the prime factors of 51395267.
7, 11, 17, 71, 79
What are the prime factors of 366396946?
2, 23, 7965151
List the prime factors of 34787623.
13, 163, 16417
What are the prime factors of 76531431?
3, 25510477
List the prime factors of 300875286.
2, 3, 1979, 25339
List the prime factors of 6013245.
3, 5, 7, 57269
What are the prime factors of 286046017?
1091, 262187
List the prime factors of 2716334926.
2, 1358167463
List the prime factors of 1792495801.
73, 24554737
What are the prime factors of 30286099?
30286099
List the prime factors of 1961564284.
2, 4241, 115631
What are the prime factors of 56826225?
3, 5, 29, 2903
What are the prime factors of 2365762495?
5, 1049, 451051
List the prime factors of 54256777.
2731, 19867
List the prime factors of 11279760.
2, 3, 5, 43, 1093
List the prime factors of 48053850.
2, 3, 5, 13, 19, 1297
List the prime factors of 2353701110.
2, 5, 1289, 182599
What are the prime factors of 85462704?
2, 3, 593491
List the prime factors of 343096845.
3, 5, 7, 13, 251353
What are the prime factors of 1269641038?
2, 634820519
List the prime factors of 30339225.
3, 5, 7, 6421
What are the prime factors of 554368086?
2, 3, 30798227
List the prime factors of 471932399.
29, 16273531
List the prime factors of 150029368.
2, 23, 569, 1433
What are the prime factors of 223829808?
2, 3, 4663121
List the prime factors of 60364515.
3, 5, 29, 151, 919
List the prime factors of 91952504.
2, 7, 29, 41, 1381
What are the prime factors of 78863616?
2, 3, 13, 2633
What are the prime factors of 199909280?
2, 5, 1249433
What are the prime factors of 299837748?
2, 3, 7, 53, 67349
What are the prime factors of 345481999?
345481999
What are the prime factors of 45382672?
2, 503, 5639
List the prime factors of 228964230.
2, 3, 5, 11, 231277
List the prime factors of 2791812806.
2, 127, 631, 17419
What are the prime factors of 16249619?
3659, 4441
What are the prime factors of 1763326982?
2, 37, 59, 403877
List the prime factors of 888993153.
3, 149, 643, 1031
What are the prime factors of 4770914?
2, 17, 140321
What are the prime factors of 166823997?
3, 55607999
What are the prime factors of 4153048597?
5527, 751411
What are the prime factors of 9341848?
2, 1167731
What are the prime factors of 1224086005?
5, 244817201
List the prime factors of 300919663.
11, 19, 827, 1741
List the prime factors of 68066756.
2, 199, 233, 367
What are the prime factors of 64259998?
2, 11, 29, 47, 2143
List the prime factors of 51044016.
2, 3, 37, 41, 701
List the prime factors of 6870025533.
3, 7, 17, 71, 131, 2069
List the prime factors of 1199534749.
7, 24480301
What are the prime factors of 262237611?
3, 37, 2362501
What are the prime factors of 2314532044?
2, 11, 19, 23, 31, 353
List the prime factors of 135583302.
2, 3, 97, 232961
What are the prime factors of 593977147?
1361, 436427
What are the prime factors of 133878397?
133878397
What are the prime factors of 1139674817?
23, 2917, 16987
List the prime factors of 86728414.
2, 43364207
What are the prime factors of 32655160?
2, 5, 29, 28151
List the prime factors of 183366149.
467, 392647
List the prime factors of 964744126.
2, 482372063
What are the prime factors of 1193897604?
2, 3, 19, 5236393
List the prime factors of 607390329.
3, 7, 13, 317839
List the prime factors of 2735644989.
3, 7, 11, 2819, 4201
List the prime factors of 157052534.
2, 78526267
What are the prime factors of 1870543248?
2, 3, 7, 795299
List the prime factors of 698747703.
3, 232915901
List the prime factors of 43747847.
11, 13, 101, 233
List the prime factors of 204073844.
2, 13, 3924497
List the prime factors of 2217687037.
113, 139, 271, 521
List the prime factors of 5815872233.
617, 9426049
List the prime factors of 285506455.
5, 13, 43, 1